g - 7 = -2*d, -2*d - g + 0*g + 9 = 0. What are the prime factors of d?
5
Let g = -7 - -1. What are the prime factors of (4/g)/((-6)/81)?
3
Let f(u) = u**3 - 9*u**2 + 2. Let v be f(9). Suppose v*k - 160 = -3*k. List the prime factors of k.
2
Let i(j) = -13*j + 49. List the prime factors of i(-12).
5, 41
Let r be (-1 - 9)*15/10. Let i(y) = -3*y + 11. Let k be i(-8). Let g = r + k. List the prime factors of g.
2, 5
List the prime factors of 6 + -1 - 2 - 11*-3.
2, 3
Let j(y) = -2*y + 14. Let r be j(6). Suppose -5*s = 5*l - 25, 2*s = r + 4. List the prime factors of l.
2
Suppose -5*c = 4*w - 110, 2*c - 26 = -4*w + 3*w. Suppose 5*i - w - 35 = 0. List the prime factors of i.
13
Let b(t) = 5*t - 4. Let l be b(6). Suppose 47 = 3*k + 2*o, k + 4*o = 2*k + 3. Let d = l - k. List the prime factors of d.
13
Let v(c) = c**2 - 2*c + 2. Let r be v(2). Suppose 2 = -b - y - 2, -5*b - 4*y - 15 = 0. What are the prime factors of b/(1/28*r)?
2, 7
Suppose 0 = 3*b - 5*b + 16. Let v = -8 + b. Let k(p) = -p**2 - p + 8. What are the prime factors of k(v)?
2
Suppose 35 + 30 = 5*y. List the prime factors of y.
13
Suppose -w = -2*p + 5*p - 125, -127 = -w - 4*p. What are the prime factors of w?
7, 17
Let c be (-2 - 0)/((-1)/2). Suppose 8 = -3*b - c*v, 4*b = -4*v - 1 - 11. Let g(u) = -6*u - 6. List the prime factors of g(b).
2, 3
Suppose 2*g = -4*w - 2*g + 452, -2*g = 4*w - 456. Suppose -w = 7*l - 2*l. Let i = l - -35. What are the prime factors of i?
2, 3
Let a(h) = h + 2. What are the prime factors of a(6)?
2
Let x(n) = -2*n**3 - 6*n**2 + 4*n + 2. What are the prime factors of x(-5)?
2, 41
Suppose -3*f - m = -0*f - 8, -5*f + 5*m + 20 = 0. Let r(h) = 3 - 1 + 3*h + h**2 - h**3 + 2*h**2. What are the prime factors of r(f)?
11
Let x(z) = z + 12. Let k be x(-7). Suppose 6 + 49 = k*u. List the prime factors of u.
11
Suppose -88*x = -78*x - 3980. List the prime factors of x.
2, 199
Let x = 2 + 0. Suppose 10 = x*v - 4*u, 5*v + u - 6*u = 30. List the prime factors of v.
7
Let u = 34 + 51. List the prime factors of u.
5, 17
Let s(a) = -7*a**2 - 3*a**3 - a + 3*a + 4*a**3 - 9. Let z(n) = -n**2 - 7*n - 5. Let l be z(-4). List the prime factors of s(l).
5
Let h be (-1)/(-4) - (-515)/20. Suppose 2*t - h = -0*t. Suppose -1 = 4*d - t. What are the prime factors of d?
3
Let z = 13 - 8. Suppose z*j = m + 20, -3*m - 2*m = 5*j - 20. Suppose 0 = -j*u - 3*n + 42, 0 = -3*u + 3*n + 20 + 1. What are the prime factors of u?
3
Suppose -b + 0*r + r + 2 = 0, 3 = 3*r. Let t = b + -2. List the prime factors of (-2*t)/(4/(-18)).
3
Let w = -29 - -40. List the prime factors of w.
11
Suppose 185 = 5*s - 4*d, -69 = -4*s - d + 58. List the prime factors of s.
3, 11
Suppose 3*g = -111 - 60. Let q be 4/14 - g/21. Suppose -3*h - 3 = -2*u, -u + 2*h - 18 = -q*u. What are the prime factors of u?
2, 3
Suppose 3*p - 3*l = 693, 0 = 4*p - 3*p + 4*l - 226. List the prime factors of p.
2, 5, 23
Let y be (1 + 0)/((-2)/(-6)). Suppose 12 = y*r + 4*g - 3*g, -16 = -4*r - 2*g. Suppose -76 + 32 = -r*j. What are the prime factors of j?
11
Let d = 7 + -4. Let v be 10/d - (-2)/(-6). Suppose z = v*z - 4. List the prime factors of z.
2
List the prime factors of (33/6 - 3)/(3/306).
3, 5, 17
Let f(t) = 1 + 2*t - t - 15 + 6*t. List the prime factors of f(6).
2, 7
Let u = 5 - 31. Let k = u - -40. Suppose 4*o + 5*g = k, 28 = 5*o - g + 2*g. What are the prime factors of o?
2, 3
Let f(j) = j**3 - 12*j**2 + j - 7. Let q be f(12). Let o be (-2 - 8/(-3))*27. List the prime factors of o/8*(q - 1).
3
Let j be (-9)/(2 - (-7)/(-2)). Let n = 27 + -11. Suppose n = -2*r + j*r. List the prime factors of r.
2
Suppose -11*c + 3 = -10*c. Suppose s = c*s - 26. List the prime factors of s.
13
Let m(i) = 0 + 6*i**2 + i**3 - i**2 - 1. Let h be m(-4). What are the prime factors of (-2 + h/6)*18?
3
Let t = -10 - -30. Suppose 0 = 6*m - 158 + t. What are the prime factors of m?
23
Let k(q) = 173*q + 7. List the prime factors of k(1).
2, 3, 5
Let u(h) = -h**3 - 4*h**2 + 2*h - 24. List the prime factors of u(-7).
109
Suppose 5*x - 8*x = -96. List the prime factors of x.
2
Suppose 15 = 3*x, 53 = l - x - 67. List the prime factors of l.
5
Let o be (1 + 8)*1 - 1. Let h = o + -1. Let k = h + 0. List the prime factors of k.
7
Suppose -s - 21 = -2*k + k, 3*k - s - 57 = 0. Suppose 2*r - k = 2*l, 3*r + 8 = -l + 27. Suppose 8*u - r*u - 6 = 0. What are the prime factors of u?
2, 3
Let a = -77 + 158. What are the prime factors of a?
3
Let c be 4/(-1) - -2 - -6. Suppose 3*p + 2*p - y - 135 = 0, 2*p - 36 = c*y. What are the prime factors of p?
2, 7
Let l(g) = -7*g. Let y(d) = 2*d**3 - d**2 - d + 1. Let b be y(1). Let t(s) = s. Let i(u) = b*l(u) + 4*t(u). What are the prime factors of i(-4)?
2, 3
Suppose -2 = -c - 4. Let w = 11 + c. Suppose -3*l + 24 = -w. List the prime factors of l.
11
Suppose -t = 2*t + 30. Let q = t - -35. List the prime factors of q.
5
Let p(f) be the second derivative of -2*f**3/3 + 2*f**2 - 2*f. What are the prime factors of p(-4)?
2, 5
Suppose -5*o + 111 = -109. List the prime factors of o.
2, 11
Suppose 3*t + 0*a + 2*a - 110 = 0, -5*a = 4*t - 135. Suppose -4*h = -8 - t. What are the prime factors of h?
2, 3
Suppose 10*k - 884 = 6*k. List the prime factors of k.
13, 17
Let v(r) = 4*r**2 + 3. Let u be v(2). Let x be ((-2)/4)/1*-4. Suppose u + 11 = x*f. What are the prime factors of f?
3, 5
Suppose 4*l + 0*l - 4*n = 8, -3*n - 15 = 0. What are the prime factors of l/(-1) - (6 + -18)?
3, 5
Let x(d) = d + 1 - 3 + 6. Let j be 6 + 3/(-3) + 0. What are the prime factors of x(j)?
3
Suppose o - w - 25 - 3 = 0, 29 = o - 2*w. Suppose 3*a - 11 = -4*m + 12, o = m + 5*a. Suppose -22 = -m*i - 10. List the prime factors of i.
2, 3
Let z(j) = 5*j**2 + j - 31. List the prime factors of z(7).
13, 17
Let l(y) = -y**2 - 20*y - 15. List the prime factors of l(-15).
2, 3, 5
Let t(h) = h**2 + 8*h + 5. Let f be t(-6). Let c = f - -13. What are the prime factors of c?
2, 3
Let x(n) = n**2 - n. Let q be x(2). List the prime factors of (84/3)/q + -1.
13
Let t = -2015 + 540. What are the prime factors of (-2)/(-11) - t/55?
3
Suppose q - 766 = -2*w, -2*q = 5*w + 2*q - 1915. What are the prime factors of w?
383
Let a(q) = -q**2 + 2*q + 2. Let d be a(4). Let h be (d/(-4) + -2)*0. Suppose -8 = -h*b - b. List the prime factors of b.
2
Let g(y) = 2*y - 2. Let u(r) = r + 12. Let d be u(-9). What are the prime factors of g(d)?
2
Suppose -4*o + 164 = -0*o. What are the prime factors of o?
41
Suppose -7 = -4*t + r, 4*t - 5 = 3*r - 0. What are the prime factors of 30*t/4 + -3?
2, 3
What are the prime factors of (-8)/(-6) - (3 - 1712/12)?
3, 47
Let m be (1/(-1))/1*-1. Let d be (-4 + -1)*(m + -3). Suppose -d = -o + 4*s - s, -2*o + 5*s = -19. What are the prime factors of o?
7
Let z = 47 + -14. What are the prime factors of z?
3, 11
Let a = 310 + -216. Let l = a + -57. List the prime factors of l.
37
Suppose -92 = -2*c - 4*r, -209 = -4*c - 4*r + r. List the prime factors of (1 + 13)*16/c.
2
Suppose 0*z = 4*z. Let m = z + -3. List the prime factors of (0 - -6)*m/(-6).
3
Suppose -343 + 103 = -3*d. What are the prime factors of d?
2, 5
Let x(f) = f**2 - 4*f + 5. What are the prime factors of x(5)?
2, 5
Suppose 0 = 2*o - 5*o - 108. Let b = 50 + o. List the prime factors of b.
2, 7
Let k(w) be the second derivative of w**5/20 + w**4/4 + w**3/3 + w**2 - 2*w. Let n be k(-2). List the prime factors of 9 - (-1)/n*-2.
2
Let t = 40 + -32. What are the prime factors of t?
2
What are the prime factors of -139*4/12*3/(-1)?
139
Let i(s) = 2*s + 1. Let h be i(1). Suppose 2*m + h*m = -4*g + 117, 0 = 3*m - 5*g - 85. List the prime factors of m.
5
Let l(p) = -26*p**3 - 2*p**2 - p. What are the prime factors of l(-1)?
5
Suppose 5*f + 553 = 2*r, 309 = 2*r - r + 4*f. What are the prime factors of r?
17
Suppose 0*x - 111 = -3*x. Let y = 53 - x. Let u = -10 + y. What are the prime factors of u?
2, 3
Suppose -2 + 10 = 2*z. Suppose -z*d + 2 = 4*p - 70, -4*p = 2*d - 78. List the prime factors of p.
3, 7
Suppose -2*v + 16 = 5*p - 0*v, -v = 2*p - 7. Suppose -p*s = 3*s - 360. Suppose k = -3*k + s. List the prime factors of k.
2, 3
Let p(z) = z - 4. Let g(y) = 4*y**3 - 2*y - 1. Let w be g(-1). Let r be p(w). Let k = 9 + r. List the prime factors of k.
2
Suppose 0*h + 5*h + q = 3, 5*h = -5*q + 15. Suppose -6*u + h = -30. L